{"id":476,"date":"2025-06-05T01:02:06","date_gmt":"2025-06-05T01:02:06","guid":{"rendered":"https:\/\/severinolopes.com.br\/2025\/?page_id=476"},"modified":"2025-06-05T02:06:11","modified_gmt":"2025-06-05T02:06:11","slug":"cursos","status":"publish","type":"page","link":"https:\/\/severinolopes.com.br\/2025\/cursos\/","title":{"rendered":"Ensino e Pesquisa"},"content":{"rendered":"\t\t<div data-elementor-type=\"wp-page\" data-elementor-id=\"476\" class=\"elementor elementor-476\" data-elementor-post-type=\"page\">\n\t\t\t\t<div class=\"elementor-element elementor-element-0a68206 e-con-full e-flex e-con e-parent\" data-id=\"0a68206\" data-element_type=\"container\" data-e-type=\"container\" data-settings=\"{&quot;background_background&quot;:&quot;classic&quot;,&quot;ekit_has_onepagescroll_dot&quot;:&quot;yes&quot;}\">\n\t\t<div class=\"elementor-element elementor-element-e709d95 e-flex e-con-boxed e-con e-child\" data-id=\"e709d95\" data-element_type=\"container\" data-e-type=\"container\" data-settings=\"{&quot;ekit_has_onepagescroll_dot&quot;:&quot;yes&quot;}\">\n\t\t\t\t\t<div class=\"e-con-inner\">\n\t\t<div class=\"elementor-element elementor-element-2370119 e-con-full e-flex e-con e-child\" data-id=\"2370119\" data-element_type=\"container\" data-e-type=\"container\" data-settings=\"{&quot;ekit_has_onepagescroll_dot&quot;:&quot;yes&quot;}\">\n\t\t\t\t<div class=\"elementor-element elementor-element-758b17a elementor-widget elementor-widget-heading\" data-id=\"758b17a\" data-element_type=\"widget\" data-e-type=\"widget\" data-settings=\"{&quot;ekit_we_effect_on&quot;:&quot;none&quot;}\" data-widget_type=\"heading.default\">\n\t\t\t\t\t<h4 class=\"elementor-heading-title elementor-size-default\">Cursos<\/h4>\t\t\t\t<\/div>\n\t\t<div class=\"elementor-element elementor-element-62b8ebc e-con-full e-flex e-con e-child\" data-id=\"62b8ebc\" data-element_type=\"container\" data-e-type=\"container\" data-settings=\"{&quot;ekit_has_onepagescroll_dot&quot;:&quot;yes&quot;}\">\n\t\t<div class=\"elementor-element elementor-element-64a392f e-con-full e-flex e-con e-child\" data-id=\"64a392f\" data-element_type=\"container\" data-e-type=\"container\" data-settings=\"{&quot;ekit_has_onepagescroll_dot&quot;:&quot;yes&quot;}\">\n\t\t\t\t<div class=\"elementor-element elementor-element-b389e4b elementor-widget__width-auto elementor-view-default elementor-widget elementor-widget-icon\" data-id=\"b389e4b\" data-element_type=\"widget\" data-e-type=\"widget\" data-settings=\"{&quot;ekit_we_effect_on&quot;:&quot;none&quot;}\" data-widget_type=\"icon.default\">\n\t\t\t\t\t\t\t<div class=\"elementor-icon-wrapper\">\n\t\t\t<div class=\"elementor-icon\">\n\t\t\t<i aria-hidden=\"true\" class=\"icon icon-magnifying-glass-search\"><\/i>\t\t\t<\/div>\n\t\t<\/div>\n\t\t\t\t\t\t<\/div>\n\t\t\t\t<div class=\"elementor-element elementor-element-08d4efb elementor-widget__width-auto elementor-widget elementor-widget-heading\" data-id=\"08d4efb\" data-element_type=\"widget\" data-e-type=\"widget\" data-settings=\"{&quot;ekit_we_effect_on&quot;:&quot;none&quot;}\" data-widget_type=\"heading.default\">\n\t\t\t\t\t<span class=\"elementor-heading-title elementor-size-default\">Filtre por especialidade:<\/span>\t\t\t\t<\/div>\n\t\t\t\t<\/div>\n\t\t<div class=\"elementor-element elementor-element-364dd55 e-con-full e-flex e-con e-child\" data-id=\"364dd55\" data-element_type=\"container\" data-e-type=\"container\" data-settings=\"{&quot;ekit_has_onepagescroll_dot&quot;:&quot;yes&quot;}\">\n\t\t\t\t<div class=\"elementor-element elementor-element-c8596a1 elementor-widget elementor-widget-taxonomy-filter\" data-id=\"c8596a1\" data-element_type=\"widget\" data-e-type=\"widget\" data-settings=\"{&quot;selected_element&quot;:&quot;2b55283&quot;,&quot;taxonomy&quot;:&quot;coursetax&quot;,&quot;item_alignment_horizontal&quot;:&quot;start&quot;,&quot;item_alignment_horizontal_mobile&quot;:&quot;center&quot;,&quot;horizontal_scroll&quot;:&quot;disable&quot;,&quot;ekit_we_effect_on&quot;:&quot;none&quot;}\" data-widget_type=\"taxonomy-filter.default\">\n\t\t\t\t\t\t\t<search class=\"e-filter\" role=\"search\" data-base-url=\"https:\/\/severinolopes.com.br\/2025\/\" data-page-num=\"1\">\n\t\t\t\t\t\t\t<button class=\"e-filter-item\" data-filter=\"medicina\" aria-pressed=\"false\">Medicina<\/button>\n\t\t\t\n\t\t\t\t\t\t\t\t\t<button class=\"e-filter-item\" data-filter=\"__all\" aria-pressed=\"true\">\n\t\t\t\tTodas as Especialidades\t\t\t<\/button>\n\t\t\t\t\t<\/search>\n\t\t\t\t\t\t<\/div>\n\t\t\t\t<\/div>\n\t\t\t\t<\/div>\n\t\t\t\t<div class=\"elementor-element elementor-element-2b55283 elementor-grid-1 elementor-widget__width-initial elementor-widget-mobile__width-inherit elementor-grid-tablet-2 elementor-grid-mobile-1 elementor-widget elementor-widget-loop-grid\" data-id=\"2b55283\" data-element_type=\"widget\" data-e-type=\"widget\" data-settings=\"{&quot;template_id&quot;:520,&quot;columns&quot;:1,&quot;_skin&quot;:&quot;post&quot;,&quot;columns_tablet&quot;:&quot;2&quot;,&quot;columns_mobile&quot;:&quot;1&quot;,&quot;edit_handle_selector&quot;:&quot;[data-elementor-type=\\&quot;loop-item\\&quot;]&quot;,&quot;row_gap&quot;:{&quot;unit&quot;:&quot;px&quot;,&quot;size&quot;:&quot;&quot;,&quot;sizes&quot;:[]},&quot;row_gap_tablet&quot;:{&quot;unit&quot;:&quot;px&quot;,&quot;size&quot;:&quot;&quot;,&quot;sizes&quot;:[]},&quot;row_gap_mobile&quot;:{&quot;unit&quot;:&quot;px&quot;,&quot;size&quot;:&quot;&quot;,&quot;sizes&quot;:[]},&quot;ekit_we_effect_on&quot;:&quot;none&quot;}\" data-widget_type=\"loop-grid.post\">\n\t\t\t\t\t\t\t<div class=\"elementor-loop-container elementor-grid\">\n\t\t<style id=\"loop-520\">.elementor-520 .elementor-element.elementor-element-271b2fa{--display:flex;--flex-direction:row;--container-widget-width:initial;--container-widget-height:100%;--container-widget-flex-grow:1;--container-widget-align-self:stretch;--flex-wrap-mobile:wrap;overflow:visible;}.elementor-520 .elementor-element.elementor-element-ff7bc29{--display:flex;--justify-content:center;overflow:visible;}.elementor-widget-theme-post-featured-image .widget-image-caption{color:var( --e-global-color-text );font-family:var( --e-global-typography-text-font-family ), Roboto, Sans-serif;font-weight:var( --e-global-typography-text-font-weight );}.elementor-520 .elementor-element.elementor-element-91fe8a5 img{border-radius:20px 20px 20px 20px;}.elementor-520 .elementor-element.elementor-element-0ad9169{--display:flex;--justify-content:center;overflow:visible;}.elementor-widget-heading .elementor-heading-title{font-family:var( --e-global-typography-primary-font-family ), Roboto, Sans-serif;font-weight:var( --e-global-typography-primary-font-weight );color:var( --e-global-color-primary );}.elementor-520 .elementor-element.elementor-element-851d7b3 .elementor-heading-title{font-family:\"Roboto\", Roboto, Sans-serif;font-size:24px;font-weight:600;color:var( --e-global-color-text );}.elementor-widget-text-editor{font-family:var( --e-global-typography-text-font-family ), Roboto, Sans-serif;font-weight:var( --e-global-typography-text-font-weight );color:var( --e-global-color-text );}.elementor-widget-text-editor.elementor-drop-cap-view-stacked .elementor-drop-cap{background-color:var( --e-global-color-primary );}.elementor-widget-text-editor.elementor-drop-cap-view-framed .elementor-drop-cap, .elementor-widget-text-editor.elementor-drop-cap-view-default .elementor-drop-cap{color:var( --e-global-color-primary );border-color:var( --e-global-color-primary );}.elementor-520 .elementor-element.elementor-element-fc9b44a{font-family:\"Roboto\", Roboto, Sans-serif;font-weight:400;}.elementor-widget-button .elementor-button{font-family:var( --e-global-typography-accent-font-family ), Roboto, Sans-serif;font-weight:var( --e-global-typography-accent-font-weight );background-color:var( --e-global-color-accent );}.elementor-520 .elementor-element.elementor-element-0fdb4a9 .elementor-button-content-wrapper{flex-direction:row-reverse;}.elementor-520 .elementor-element.elementor-element-0fdb4a9 .elementor-button{font-family:\"Roboto\", Roboto, Sans-serif;font-weight:600;fill:var( --e-global-color-c3bb699 );color:var( --e-global-color-c3bb699 );background-color:var( --e-global-color-secondary );}.elementor-520 .elementor-element.elementor-element-edbec2b .elementor-button-content-wrapper{flex-direction:row-reverse;}.elementor-520 .elementor-element.elementor-element-edbec2b .elementor-button{font-family:\"Roboto\", Roboto, Sans-serif;font-weight:600;fill:var( --e-global-color-c3bb699 );color:var( --e-global-color-c3bb699 );background-color:var( --e-global-color-secondary );}@media(max-width:767px){.elementor-520 .elementor-element.elementor-element-271b2fa{--gap:0px 0px;--row-gap:0px;--column-gap:0px;}.elementor-520 .elementor-element.elementor-element-851d7b3{text-align:center;}.elementor-520 .elementor-element.elementor-element-851d7b3 .elementor-heading-title{font-size:24px;}.elementor-520 .elementor-element.elementor-element-fc9b44a{text-align:center;font-size:12px;}.elementor-520 .elementor-element.elementor-element-0fdb4a9 .elementor-button .elementor-button-content-wrapper{justify-content:center;}.elementor-520 .elementor-element.elementor-element-0fdb4a9 .elementor-button{font-size:12px;}.elementor-520 .elementor-element.elementor-element-0fdb4a9.elementor-element{--align-self:center;}.elementor-520 .elementor-element.elementor-element-edbec2b .elementor-button .elementor-button-content-wrapper{justify-content:center;}.elementor-520 .elementor-element.elementor-element-edbec2b .elementor-button{font-size:12px;}.elementor-520 .elementor-element.elementor-element-edbec2b.elementor-element{--align-self:center;}}@media(min-width:768px){.elementor-520 .elementor-element.elementor-element-271b2fa{--width:100%;}.elementor-520 .elementor-element.elementor-element-ff7bc29{--width:50%;}.elementor-520 .elementor-element.elementor-element-0ad9169{--width:50%;}}<\/style>\t\t<div data-elementor-type=\"loop-item\" data-elementor-id=\"520\" class=\"elementor elementor-520 e-loop-item e-loop-item-492 post-492 curso type-curso status-publish has-post-thumbnail hentry coursetax-medicina\" data-elementor-post-type=\"elementor_library\" data-custom-edit-handle=\"1\">\n\t\t\t<div class=\"elementor-element elementor-element-271b2fa e-con-full e-flex e-con e-parent\" data-id=\"271b2fa\" data-element_type=\"container\" data-e-type=\"container\" data-settings=\"{&quot;ekit_has_onepagescroll_dot&quot;:&quot;yes&quot;}\">\n\t\t<div class=\"elementor-element elementor-element-ff7bc29 e-con-full e-flex e-con e-child\" data-id=\"ff7bc29\" data-element_type=\"container\" data-e-type=\"container\" data-settings=\"{&quot;ekit_has_onepagescroll_dot&quot;:&quot;yes&quot;}\">\n\t\t\t\t<div class=\"elementor-element elementor-element-91fe8a5 elementor-widget elementor-widget-theme-post-featured-image elementor-widget-image\" data-id=\"91fe8a5\" data-element_type=\"widget\" data-e-type=\"widget\" data-settings=\"{&quot;ekit_we_effect_on&quot;:&quot;none&quot;}\" data-widget_type=\"theme-post-featured-image.default\">\n\t\t\t\t\t\t\t\t\t\t\t\t\t\t\t<img fetchpriority=\"high\" decoding=\"async\" width=\"1280\" height=\"1280\" src=\"https:\/\/severinolopes.com.br\/2025\/wp-content\/uploads\/2025\/06\/capa_curso.jpeg\" class=\"attachment-full size-full wp-image-494\" alt=\"\" srcset=\"https:\/\/severinolopes.com.br\/2025\/wp-content\/uploads\/2025\/06\/capa_curso.jpeg 1280w, https:\/\/severinolopes.com.br\/2025\/wp-content\/uploads\/2025\/06\/capa_curso-300x300.jpeg 300w, https:\/\/severinolopes.com.br\/2025\/wp-content\/uploads\/2025\/06\/capa_curso-1024x1024.jpeg 1024w, https:\/\/severinolopes.com.br\/2025\/wp-content\/uploads\/2025\/06\/capa_curso-150x150.jpeg 150w, https:\/\/severinolopes.com.br\/2025\/wp-content\/uploads\/2025\/06\/capa_curso-768x768.jpeg 768w\" sizes=\"(max-width: 1280px) 100vw, 1280px\" \/>\t\t\t\t\t\t\t\t\t\t\t\t\t\t\t<\/div>\n\t\t\t\t<\/div>\n\t\t<div class=\"elementor-element elementor-element-0ad9169 e-con-full e-flex e-con e-child\" data-id=\"0ad9169\" data-element_type=\"container\" data-e-type=\"container\" data-settings=\"{&quot;ekit_has_onepagescroll_dot&quot;:&quot;yes&quot;}\">\n\t\t\t\t<div class=\"elementor-element elementor-element-851d7b3 elementor-widget elementor-widget-heading\" data-id=\"851d7b3\" data-element_type=\"widget\" data-e-type=\"widget\" data-settings=\"{&quot;ekit_we_effect_on&quot;:&quot;none&quot;}\" data-widget_type=\"heading.default\">\n\t\t\t\t\t<h2 class=\"elementor-heading-title elementor-size-default\">Curso de Pr\u00e1ticas Medicamentosas<\/h2>\t\t\t\t<\/div>\n\t\t\t\t<div class=\"elementor-element elementor-element-fc9b44a elementor-widget elementor-widget-text-editor\" data-id=\"fc9b44a\" data-element_type=\"widget\" data-e-type=\"widget\" data-settings=\"{&quot;ekit_we_effect_on&quot;:&quot;none&quot;}\" data-widget_type=\"text-editor.default\">\n\t\t\t\t\t\t\t\t\tElimine o medo de prescrever e aumente sua confian\u00e7a no manejo cl\u00ednico das Intera\u00e7\u00f5es Medicamentosas.\t\t\t\t\t\t\t\t<\/div>\n\t\t\t\t<div class=\"elementor-element elementor-element-edbec2b elementor-mobile-align-justify elementor-align-left elementor-widget elementor-widget-button\" data-id=\"edbec2b\" data-element_type=\"widget\" data-e-type=\"widget\" data-settings=\"{&quot;ekit_we_effect_on&quot;:&quot;none&quot;}\" data-widget_type=\"button.default\">\n\t\t\t\t\t\t\t\t\t\t<a class=\"elementor-button elementor-button-link elementor-size-sm\" href=\"https:\/\/ipqcspsl.hotmart.host\/nova-pagina-398fbb7d-eba4-4d2f-bb13-6e3e75b416de\" target=\"_blank\">\n\t\t\t\t\t\t<span class=\"elementor-button-content-wrapper\">\n\t\t\t\t\t\t<span class=\"elementor-button-icon\">\n\t\t\t\t<svg aria-hidden=\"true\" class=\"e-font-icon-svg e-fas-angle-right\" viewBox=\"0 0 256 512\" xmlns=\"http:\/\/www.w3.org\/2000\/svg\"><path d=\"M224.3 273l-136 136c-9.4 9.4-24.6 9.4-33.9 0l-22.6-22.6c-9.4-9.4-9.4-24.6 0-33.9l96.4-96.4-96.4-96.4c-9.4-9.4-9.4-24.6 0-33.9L54.3 103c9.4-9.4 24.6-9.4 33.9 0l136 136c9.5 9.4 9.5 24.6.1 34z\"><\/path><\/svg>\t\t\t<\/span>\n\t\t\t\t\t\t\t\t\t<span class=\"elementor-button-text\">Inscreva-se<\/span>\n\t\t\t\t\t<\/span>\n\t\t\t\t\t<\/a>\n\t\t\t\t\t\t\t\t<\/div>\n\t\t\t\t<\/div>\n\t\t\t\t<\/div>\n\t\t\t\t<\/div>\n\t\t\t\t<\/div>\n\t\t\n\t\t\t\t\t\t<\/div>\n\t\t\t\t<\/div>\n\t\t\t\t\t<\/div>\n\t\t\t\t<\/div>\n\t\t\t\t<\/div>\n\t\t\t\t<\/div>\n\t\t","protected":false},"excerpt":{"rendered":"<p>Cursos Filtre por especialidade: Farm\u00e1cia Medicina Psicologia Todas as Especialidades<\/p>\n","protected":false},"author":1,"featured_media":0,"parent":0,"menu_order":0,"comment_status":"closed","ping_status":"closed","template":"","meta":{"_acf_changed":false,"footnotes":""},"class_list":["post-476","page","type-page","status-publish","hentry"],"acf":[],"_links":{"self":[{"href":"https:\/\/severinolopes.com.br\/2025\/wp-json\/wp\/v2\/pages\/476","targetHints":{"allow":["GET"]}}],"collection":[{"href":"https:\/\/severinolopes.com.br\/2025\/wp-json\/wp\/v2\/pages"}],"about":[{"href":"https:\/\/severinolopes.com.br\/2025\/wp-json\/wp\/v2\/types\/page"}],"author":[{"embeddable":true,"href":"https:\/\/severinolopes.com.br\/2025\/wp-json\/wp\/v2\/users\/1"}],"replies":[{"embeddable":true,"href":"https:\/\/severinolopes.com.br\/2025\/wp-json\/wp\/v2\/comments?post=476"}],"version-history":[{"count":23,"href":"https:\/\/severinolopes.com.br\/2025\/wp-json\/wp\/v2\/pages\/476\/revisions"}],"predecessor-version":[{"id":541,"href":"https:\/\/severinolopes.com.br\/2025\/wp-json\/wp\/v2\/pages\/476\/revisions\/541"}],"wp:attachment":[{"href":"https:\/\/severinolopes.com.br\/2025\/wp-json\/wp\/v2\/media?parent=476"}],"curies":[{"name":"wp","href":"https:\/\/api.w.org\/{rel}","templated":true}]}}