{"id":568,"date":"2025-06-05T03:47:36","date_gmt":"2025-06-05T03:47:36","guid":{"rendered":"https:\/\/severinolopes.com.br\/2025\/?page_id=568"},"modified":"2025-07-10T01:21:15","modified_gmt":"2025-07-10T01:21:15","slug":"institucional","status":"publish","type":"page","link":"https:\/\/severinolopes.com.br\/2025\/institucional\/","title":{"rendered":"Institucional"},"content":{"rendered":"\t\t<div data-elementor-type=\"wp-page\" data-elementor-id=\"568\" class=\"elementor elementor-568\" data-elementor-post-type=\"page\">\n\t\t\t\t<div class=\"elementor-element elementor-element-4b69ae8b e-flex e-con-boxed e-con e-parent\" data-id=\"4b69ae8b\" data-element_type=\"container\" data-e-type=\"container\" data-settings=\"{&quot;ekit_has_onepagescroll_dot&quot;:&quot;yes&quot;}\">\n\t\t\t\t\t<div class=\"e-con-inner\">\n\t\t\t\t<div class=\"elementor-element elementor-element-11a1a60 elementor-widget elementor-widget-heading\" data-id=\"11a1a60\" data-element_type=\"widget\" data-e-type=\"widget\" data-settings=\"{&quot;ekit_we_effect_on&quot;:&quot;none&quot;}\" data-widget_type=\"heading.default\">\n\t\t\t\t\t<h2 class=\"elementor-heading-title elementor-size-default\">Quem Somos<\/h2>\t\t\t\t<\/div>\n\t\t\t\t<div class=\"elementor-element elementor-element-10350bd9 elementor-widget__width-initial elementor-widget elementor-widget-text-editor\" data-id=\"10350bd9\" data-element_type=\"widget\" data-e-type=\"widget\" data-settings=\"{&quot;ekit_we_effect_on&quot;:&quot;none&quot;}\" data-widget_type=\"text-editor.default\">\n\t\t\t\t\t\t\t\t\t\n<p>O Complexo Professor Severino Lopes foi <strong>fundado, pelo professor e m\u00e9dico psiquiatra, Severino Lopes, em 02 de junho de 1956<\/strong>, com a denomina\u00e7\u00e3o original de Casa de Sa\u00fade de Natal, sendo pioneiro, no Rio Grande do Norte, no tratamento psiqui\u00e1trico especializado. \u00c9 uma institui\u00e7\u00e3o filantr\u00f3pica, sem fins lucrativos, mantida pela Sociedade Professor Heitor Carrilho.<\/p>\n\n\n\n<p><br>Inicialmente a institui\u00e7\u00e3o constitu\u00eda-se num Hospital especializado em psiquiatria, com interna\u00e7\u00e3o em tempo integral, urg\u00eancia psiqui\u00e1trica e consultas eletivas de psiquiatria e psicologia.<br><\/p>\n\n\n\n<p><strong><mark style=\"background-color:rgba(0, 0, 0, 0)\" class=\"has-inline-color has-vivid-cyan-blue-color\">Em 2022<\/mark><\/strong>, al\u00e9m dos atendimentos de psiquiatria, transformou-se num <strong>Complexo Hospitalar<\/strong> com a inaugura\u00e7\u00e3o da Unidade de Cl\u00ednica M\u00e9dica Jo\u00e3o Cec\u00edlio da Costa, em parceria, com a Prefeitura do Natal atendendo ao cidad\u00e3o Natalense 100% SUS.<\/p>\n\n\n\n<p><br>Ainda em 2022, inaugurou o <strong>Ambulat\u00f3rio em Sa\u00fade Mental<\/strong>, voltado tamb\u00e9m para o atendimento do Sistema \u00danico de sa\u00fade, suprindo uma demanda de consultas em psiquiatria e psicologia do munic\u00edpio de Natal.<br><\/p>\n\n\n\n<h4 class=\"wp-block-heading\">Pesquisa e Ensino<\/h4>\n\n\n\n<p><br>Sempre se caracterizou por ser um centro de forma\u00e7\u00e3o e pesquisa. Assim tamb\u00e9m em 2022, <strong>inaugurou o Instituto Norte-Rio-Grandense de Psiquiatria(IPQ-RN)<\/strong> que tem se caracterizado pelo fomento ao conhecimento cient\u00edfico na \u00e1rea da sa\u00fade mental. Ccontribuindo com a forma\u00e7\u00e3o de novos psiquiatras no nordeste brasileiro, numa \u00e1rea carente de psiquiatras para o atendimento a popula\u00e7\u00e3o.<\/p>\n\n\n\n<p><br><mark style=\"background-color:rgba(0, 0, 0, 0)\" class=\"has-inline-color has-vivid-cyan-blue-color\"><strong>Na \u00e1rea de psiquiatria<\/strong><\/mark> tem como pr\u00e1tica um modelo de <strong>atendimento cient\u00edfico human\u00edstico e integrador<\/strong>, enfocando o indiv\u00edduo como um ser biopsicosocial. Visa o diagn\u00f3stico, o tratamento e a recupera\u00e7\u00e3o dos portadores de transtornos mentais, no sentido de obter a sua reestrutura\u00e7\u00e3o ps\u00edquica e a sua reintegra\u00e7\u00e3o sociofamiliar, referenciando-os sobre a necessidade da continuidade e ades\u00e3o aos demais servi\u00e7os em sa\u00fade mental que d\u00e3o suporte ao tratamento extra-hospitalar.<\/p>\n\t\t\t\t\t\t\t\t<\/div>\n\t\t\t\t\t<\/div>\n\t\t\t\t<\/div>\n\t\t<div class=\"elementor-element elementor-element-f4f99f3 e-con-full e-flex e-con e-parent\" data-id=\"f4f99f3\" data-element_type=\"container\" data-e-type=\"container\" data-settings=\"{&quot;background_background&quot;:&quot;classic&quot;,&quot;ekit_has_onepagescroll_dot&quot;:&quot;yes&quot;}\">\n\t\t<div class=\"elementor-element elementor-element-f136a53 e-grid e-con-boxed e-con e-child\" data-id=\"f136a53\" data-element_type=\"container\" data-e-type=\"container\" data-settings=\"{&quot;ekit_has_onepagescroll_dot&quot;:&quot;yes&quot;}\">\n\t\t\t\t\t<div class=\"e-con-inner\">\n\t\t<div class=\"elementor-element elementor-element-20e6a24 e-con-full e-flex e-con e-child\" data-id=\"20e6a24\" data-element_type=\"container\" data-e-type=\"container\" data-settings=\"{&quot;ekit_has_onepagescroll_dot&quot;:&quot;yes&quot;}\">\n\t\t\t\t<div class=\"elementor-element elementor-element-15777f8 elementor-widget elementor-widget-heading\" data-id=\"15777f8\" data-element_type=\"widget\" data-e-type=\"widget\" data-settings=\"{&quot;ekit_we_effect_on&quot;:&quot;none&quot;}\" data-widget_type=\"heading.default\">\n\t\t\t\t\t<h2 class=\"elementor-heading-title elementor-size-default\">miss\u00e3o<\/h2>\t\t\t\t<\/div>\n\t\t\t\t<div class=\"elementor-element elementor-element-d9a5e1d elementor-widget elementor-widget-image\" data-id=\"d9a5e1d\" data-element_type=\"widget\" data-e-type=\"widget\" data-settings=\"{&quot;ekit_we_effect_on&quot;:&quot;none&quot;}\" data-widget_type=\"image.default\">\n\t\t\t\t\t\t\t\t\t\t\t\t\t\t\t<img decoding=\"async\" src=\"https:\/\/severinolopes.com.br\/2025\/wp-content\/uploads\/2025\/06\/icone-3.png\" title=\"icone-3\" alt=\"icone-3\" loading=\"lazy\" \/>\t\t\t\t\t\t\t\t\t\t\t\t\t\t\t<\/div>\n\t\t\t\t<div class=\"elementor-element elementor-element-731f717 elementor-widget elementor-widget-text-editor\" data-id=\"731f717\" data-element_type=\"widget\" data-e-type=\"widget\" data-settings=\"{&quot;ekit_we_effect_on&quot;:&quot;none&quot;}\" data-widget_type=\"text-editor.default\">\n\t\t\t\t\t\t\t\t\t<p>Promover e cuidar do bem-estar f\u00edsico, mental, social e espiritual da comunidade, zelando de forma acolhedora e segura o nosso bem mais precioso, a vida.<\/p>\t\t\t\t\t\t\t\t<\/div>\n\t\t\t\t<\/div>\n\t\t<div class=\"elementor-element elementor-element-5717fdf e-con-full e-flex e-con e-child\" data-id=\"5717fdf\" data-element_type=\"container\" data-e-type=\"container\" data-settings=\"{&quot;ekit_has_onepagescroll_dot&quot;:&quot;yes&quot;}\">\n\t\t\t\t<div class=\"elementor-element elementor-element-ae30351 elementor-widget elementor-widget-heading\" data-id=\"ae30351\" data-element_type=\"widget\" data-e-type=\"widget\" data-settings=\"{&quot;ekit_we_effect_on&quot;:&quot;none&quot;}\" data-widget_type=\"heading.default\">\n\t\t\t\t\t<h2 class=\"elementor-heading-title elementor-size-default\">vis\u00e3o<\/h2>\t\t\t\t<\/div>\n\t\t\t\t<div class=\"elementor-element elementor-element-a26574b elementor-widget elementor-widget-image\" data-id=\"a26574b\" data-element_type=\"widget\" data-e-type=\"widget\" data-settings=\"{&quot;ekit_we_effect_on&quot;:&quot;none&quot;}\" data-widget_type=\"image.default\">\n\t\t\t\t\t\t\t\t\t\t\t\t\t\t\t<img decoding=\"async\" src=\"https:\/\/severinolopes.com.br\/2025\/wp-content\/uploads\/2025\/06\/icone-2.png\" title=\"icone-2\" alt=\"icone-2\" loading=\"lazy\" \/>\t\t\t\t\t\t\t\t\t\t\t\t\t\t\t<\/div>\n\t\t\t\t<div class=\"elementor-element elementor-element-3ef06a6 elementor-widget elementor-widget-text-editor\" data-id=\"3ef06a6\" data-element_type=\"widget\" data-e-type=\"widget\" data-settings=\"{&quot;ekit_we_effect_on&quot;:&quot;none&quot;}\" data-widget_type=\"text-editor.default\">\n\t\t\t\t\t\t\t\t\t<p>Servir com excel\u00eancia em sa\u00fade, educa\u00e7\u00e3o e pesquisa, por meio de processos t\u00e9cnicos inovadores e sustent\u00e1veis, na busca da perfei\u00e7\u00e3o.<\/p>\t\t\t\t\t\t\t\t<\/div>\n\t\t\t\t<\/div>\n\t\t<div class=\"elementor-element elementor-element-38e3154 e-con-full e-flex e-con e-child\" data-id=\"38e3154\" data-element_type=\"container\" data-e-type=\"container\" data-settings=\"{&quot;ekit_has_onepagescroll_dot&quot;:&quot;yes&quot;}\">\n\t\t\t\t<div class=\"elementor-element elementor-element-0e543c1 elementor-widget elementor-widget-heading\" data-id=\"0e543c1\" data-element_type=\"widget\" data-e-type=\"widget\" data-settings=\"{&quot;ekit_we_effect_on&quot;:&quot;none&quot;}\" data-widget_type=\"heading.default\">\n\t\t\t\t\t<h2 class=\"elementor-heading-title elementor-size-default\">valores<\/h2>\t\t\t\t<\/div>\n\t\t\t\t<div class=\"elementor-element elementor-element-0804b07 elementor-widget elementor-widget-image\" data-id=\"0804b07\" data-element_type=\"widget\" data-e-type=\"widget\" data-settings=\"{&quot;ekit_we_effect_on&quot;:&quot;none&quot;}\" data-widget_type=\"image.default\">\n\t\t\t\t\t\t\t\t\t\t\t\t\t\t\t<img decoding=\"async\" src=\"https:\/\/severinolopes.com.br\/2025\/wp-content\/uploads\/2025\/06\/icone-1.png\" title=\"icone-1\" alt=\"icone-1\" loading=\"lazy\" \/>\t\t\t\t\t\t\t\t\t\t\t\t\t\t\t<\/div>\n\t\t\t\t<div class=\"elementor-element elementor-element-7463cae elementor-widget elementor-widget-text-editor\" data-id=\"7463cae\" data-element_type=\"widget\" data-e-type=\"widget\" data-settings=\"{&quot;ekit_we_effect_on&quot;:&quot;none&quot;}\" data-widget_type=\"text-editor.default\">\n\t\t\t\t\t\t\t\t\t<p>Amparar os necessitados por meio da filantropia, atuando com \u00e9tica compaix\u00e3o e respeito socioambiental, atrav\u00e9s da coopera\u00e7\u00e3o de uma equipe \u00edntegra, dedicada e capaz.<\/p>\t\t\t\t\t\t\t\t<\/div>\n\t\t\t\t<\/div>\n\t\t\t\t\t<\/div>\n\t\t\t\t<\/div>\n\t\t\t\t<\/div>\n\t\t<div class=\"elementor-element elementor-element-91f817d e-flex e-con-boxed e-con e-parent\" data-id=\"91f817d\" data-element_type=\"container\" data-e-type=\"container\" data-settings=\"{&quot;ekit_has_onepagescroll_dot&quot;:&quot;yes&quot;}\">\n\t\t\t\t\t<div class=\"e-con-inner\">\n\t\t\t\t<div class=\"elementor-element elementor-element-5125d41 elementor-widget elementor-widget-heading\" data-id=\"5125d41\" data-element_type=\"widget\" data-e-type=\"widget\" data-settings=\"{&quot;ekit_we_effect_on&quot;:&quot;none&quot;}\" data-widget_type=\"heading.default\">\n\t\t\t\t\t<h2 class=\"elementor-heading-title elementor-size-default\">Diretoria<\/h2>\t\t\t\t<\/div>\n\t\t\t\t<div class=\"elementor-element elementor-element-4056755 elementor-widget elementor-widget-heading\" data-id=\"4056755\" data-element_type=\"widget\" data-e-type=\"widget\" data-settings=\"{&quot;ekit_we_effect_on&quot;:&quot;none&quot;}\" data-widget_type=\"heading.default\">\n\t\t\t\t\t<h2 class=\"elementor-heading-title elementor-size-default\">Sociedade Professor Heitor Carrilho \u2013 CNES 2409186 CRM 788 <\/h2>\t\t\t\t<\/div>\n\t\t<div class=\"elementor-element elementor-element-752384d e-grid e-con-full elementor-hidden-desktop elementor-hidden-tablet elementor-hidden-mobile e-con e-child\" data-id=\"752384d\" data-element_type=\"container\" data-e-type=\"container\" data-settings=\"{&quot;ekit_has_onepagescroll_dot&quot;:&quot;yes&quot;}\">\n\t\t\t\t<div class=\"elementor-element elementor-element-a8eef76 elementor-position-top elementor-widget elementor-widget-image-box\" data-id=\"a8eef76\" data-element_type=\"widget\" data-e-type=\"widget\" data-settings=\"{&quot;ekit_we_effect_on&quot;:&quot;none&quot;}\" data-widget_type=\"image-box.default\">\n\t\t\t\t\t<div class=\"elementor-image-box-wrapper\"><figure class=\"elementor-image-box-img\"><img fetchpriority=\"high\" decoding=\"async\" width=\"488\" height=\"578\" src=\"https:\/\/severinolopes.com.br\/2025\/wp-content\/uploads\/2025\/06\/medico-hospital-esteto.jpg\" class=\"attachment-full size-full wp-image-584\" alt=\"\" srcset=\"https:\/\/severinolopes.com.br\/2025\/wp-content\/uploads\/2025\/06\/medico-hospital-esteto.jpg 488w, https:\/\/severinolopes.com.br\/2025\/wp-content\/uploads\/2025\/06\/medico-hospital-esteto-253x300.jpg 253w\" sizes=\"(max-width: 488px) 100vw, 488px\" \/><\/figure><div class=\"elementor-image-box-content\"><h3 class=\"elementor-image-box-title\">Presidente<\/h3><p class=\"elementor-image-box-description\">Edzeuma Amorim de Xavier<\/p><\/div><\/div>\t\t\t\t<\/div>\n\t\t\t\t<div class=\"elementor-element elementor-element-c681361 elementor-position-top elementor-widget elementor-widget-image-box\" data-id=\"c681361\" data-element_type=\"widget\" data-e-type=\"widget\" data-settings=\"{&quot;ekit_we_effect_on&quot;:&quot;none&quot;}\" data-widget_type=\"image-box.default\">\n\t\t\t\t\t<div class=\"elementor-image-box-wrapper\"><figure class=\"elementor-image-box-img\"><img fetchpriority=\"high\" decoding=\"async\" width=\"488\" height=\"578\" src=\"https:\/\/severinolopes.com.br\/2025\/wp-content\/uploads\/2025\/06\/medico-hospital-esteto.jpg\" class=\"attachment-full size-full wp-image-584\" alt=\"\" srcset=\"https:\/\/severinolopes.com.br\/2025\/wp-content\/uploads\/2025\/06\/medico-hospital-esteto.jpg 488w, https:\/\/severinolopes.com.br\/2025\/wp-content\/uploads\/2025\/06\/medico-hospital-esteto-253x300.jpg 253w\" sizes=\"(max-width: 488px) 100vw, 488px\" \/><\/figure><div class=\"elementor-image-box-content\"><h3 class=\"elementor-image-box-title\">Diretor Financeiro<\/h3><p class=\"elementor-image-box-description\">Cl\u00e1udio Fernandes Lopes<\/p><\/div><\/div>\t\t\t\t<\/div>\n\t\t\t\t<div class=\"elementor-element elementor-element-a093880 elementor-position-top elementor-widget elementor-widget-image-box\" data-id=\"a093880\" data-element_type=\"widget\" data-e-type=\"widget\" data-settings=\"{&quot;ekit_we_effect_on&quot;:&quot;none&quot;}\" data-widget_type=\"image-box.default\">\n\t\t\t\t\t<div class=\"elementor-image-box-wrapper\"><figure class=\"elementor-image-box-img\"><img fetchpriority=\"high\" decoding=\"async\" width=\"488\" height=\"578\" src=\"https:\/\/severinolopes.com.br\/2025\/wp-content\/uploads\/2025\/06\/medico-hospital-esteto.jpg\" class=\"attachment-full size-full wp-image-584\" alt=\"\" srcset=\"https:\/\/severinolopes.com.br\/2025\/wp-content\/uploads\/2025\/06\/medico-hospital-esteto.jpg 488w, https:\/\/severinolopes.com.br\/2025\/wp-content\/uploads\/2025\/06\/medico-hospital-esteto-253x300.jpg 253w\" sizes=\"(max-width: 488px) 100vw, 488px\" \/><\/figure><div class=\"elementor-image-box-content\"><h3 class=\"elementor-image-box-title\">Diretor Geral<\/h3><p class=\"elementor-image-box-description\">Cl\u00e1udio Fernandes Lopes<\/p><\/div><\/div>\t\t\t\t<\/div>\n\t\t\t\t<\/div>\n\t\t\t\t<div class=\"elementor-element elementor-element-9c67f29 elementor-widget elementor-widget-heading\" data-id=\"9c67f29\" data-element_type=\"widget\" data-e-type=\"widget\" data-settings=\"{&quot;ekit_we_effect_on&quot;:&quot;none&quot;}\" data-widget_type=\"heading.default\">\n\t\t\t\t\t<h2 class=\"elementor-heading-title elementor-size-default\">Sociedade Professor Heitor Carrilho \u2013 CNES 2409186 CRM 788 <\/h2>\t\t\t\t<\/div>\n\t\t<div class=\"elementor-element elementor-element-332f733 e-grid e-con-full elementor-hidden-desktop elementor-hidden-tablet elementor-hidden-mobile e-con e-child\" data-id=\"332f733\" data-element_type=\"container\" data-e-type=\"container\" data-settings=\"{&quot;ekit_has_onepagescroll_dot&quot;:&quot;yes&quot;}\">\n\t\t\t\t<div class=\"elementor-element elementor-element-5cce1e0 elementor-position-top elementor-widget elementor-widget-image-box\" data-id=\"5cce1e0\" data-element_type=\"widget\" data-e-type=\"widget\" data-settings=\"{&quot;ekit_we_effect_on&quot;:&quot;none&quot;}\" data-widget_type=\"image-box.default\">\n\t\t\t\t\t<div class=\"elementor-image-box-wrapper\"><figure class=\"elementor-image-box-img\"><img fetchpriority=\"high\" decoding=\"async\" width=\"488\" height=\"578\" src=\"https:\/\/severinolopes.com.br\/2025\/wp-content\/uploads\/2025\/06\/medico-hospital-esteto.jpg\" class=\"attachment-full size-full wp-image-584\" alt=\"\" srcset=\"https:\/\/severinolopes.com.br\/2025\/wp-content\/uploads\/2025\/06\/medico-hospital-esteto.jpg 488w, https:\/\/severinolopes.com.br\/2025\/wp-content\/uploads\/2025\/06\/medico-hospital-esteto-253x300.jpg 253w\" sizes=\"(max-width: 488px) 100vw, 488px\" \/><\/figure><div class=\"elementor-image-box-content\"><h3 class=\"elementor-image-box-title\">Cargo do Diretor<\/h3><p class=\"elementor-image-box-description\">Nome do Diretor<\/p><\/div><\/div>\t\t\t\t<\/div>\n\t\t\t\t<div class=\"elementor-element elementor-element-ea30ff0 elementor-position-top elementor-widget elementor-widget-image-box\" data-id=\"ea30ff0\" data-element_type=\"widget\" data-e-type=\"widget\" data-settings=\"{&quot;ekit_we_effect_on&quot;:&quot;none&quot;}\" data-widget_type=\"image-box.default\">\n\t\t\t\t\t<div class=\"elementor-image-box-wrapper\"><figure class=\"elementor-image-box-img\"><img fetchpriority=\"high\" decoding=\"async\" width=\"488\" height=\"578\" src=\"https:\/\/severinolopes.com.br\/2025\/wp-content\/uploads\/2025\/06\/medico-hospital-esteto.jpg\" class=\"attachment-full size-full wp-image-584\" alt=\"\" srcset=\"https:\/\/severinolopes.com.br\/2025\/wp-content\/uploads\/2025\/06\/medico-hospital-esteto.jpg 488w, https:\/\/severinolopes.com.br\/2025\/wp-content\/uploads\/2025\/06\/medico-hospital-esteto-253x300.jpg 253w\" sizes=\"(max-width: 488px) 100vw, 488px\" \/><\/figure><div class=\"elementor-image-box-content\"><h3 class=\"elementor-image-box-title\">Cargo do Diretor<\/h3><p class=\"elementor-image-box-description\">Nome do Diretor<\/p><\/div><\/div>\t\t\t\t<\/div>\n\t\t\t\t<div class=\"elementor-element elementor-element-574517c elementor-position-top elementor-widget elementor-widget-image-box\" data-id=\"574517c\" data-element_type=\"widget\" data-e-type=\"widget\" data-settings=\"{&quot;ekit_we_effect_on&quot;:&quot;none&quot;}\" data-widget_type=\"image-box.default\">\n\t\t\t\t\t<div class=\"elementor-image-box-wrapper\"><figure class=\"elementor-image-box-img\"><img fetchpriority=\"high\" decoding=\"async\" width=\"488\" height=\"578\" src=\"https:\/\/severinolopes.com.br\/2025\/wp-content\/uploads\/2025\/06\/medico-hospital-esteto.jpg\" class=\"attachment-full size-full wp-image-584\" alt=\"\" srcset=\"https:\/\/severinolopes.com.br\/2025\/wp-content\/uploads\/2025\/06\/medico-hospital-esteto.jpg 488w, https:\/\/severinolopes.com.br\/2025\/wp-content\/uploads\/2025\/06\/medico-hospital-esteto-253x300.jpg 253w\" sizes=\"(max-width: 488px) 100vw, 488px\" \/><\/figure><div class=\"elementor-image-box-content\"><h3 class=\"elementor-image-box-title\">Cargo do Diretor<\/h3><p class=\"elementor-image-box-description\">Nome do Diretor<\/p><\/div><\/div>\t\t\t\t<\/div>\n\t\t\t\t<\/div>\n\t\t\t\t\t<\/div>\n\t\t\t\t<\/div>\n\t\t<div class=\"elementor-element elementor-element-5d6e7fb e-con-full e-flex e-con e-parent\" data-id=\"5d6e7fb\" data-element_type=\"container\" data-e-type=\"container\" data-settings=\"{&quot;background_background&quot;:&quot;classic&quot;,&quot;ekit_has_onepagescroll_dot&quot;:&quot;yes&quot;}\">\n\t\t<div class=\"elementor-element elementor-element-5ba125b e-flex e-con-boxed e-con e-child\" data-id=\"5ba125b\" data-element_type=\"container\" data-e-type=\"container\" data-settings=\"{&quot;ekit_has_onepagescroll_dot&quot;:&quot;yes&quot;}\">\n\t\t\t\t\t<div class=\"e-con-inner\">\n\t\t\t\t<div class=\"elementor-element elementor-element-f2f1e0b elementor-widget elementor-widget-heading\" data-id=\"f2f1e0b\" data-element_type=\"widget\" data-e-type=\"widget\" data-settings=\"{&quot;ekit_we_effect_on&quot;:&quot;none&quot;}\" data-widget_type=\"heading.default\">\n\t\t\t\t\t<h2 class=\"elementor-heading-title elementor-size-default\">Comiss\u00f5es<\/h2>\t\t\t\t<\/div>\n\t\t\t\t<div class=\"elementor-element elementor-element-8e95f9a elementor-widget elementor-widget-text-editor\" data-id=\"8e95f9a\" data-element_type=\"widget\" data-e-type=\"widget\" data-settings=\"{&quot;ekit_we_effect_on&quot;:&quot;none&quot;}\" data-widget_type=\"text-editor.default\">\n\t\t\t\t\t\t\t\t\t<p>Comiss\u00e3o de Controle de Infec\u00e7\u00e3o nos Servi\u00e7os de Sa\u00fade<\/p>\n<p>N\u00facleo de Seguran\u00e7a dos Pacientes<\/p>\n<p>Comiss\u00e3o de Revis\u00e3o dos Prontu\u00e1rios<\/p>\n<p>Comiss\u00e3o de Revis\u00e3o dos \u00d3bitos<\/p>\n<p>Comiss\u00e3o de \u00c9tica M\u00e9dica<\/p>\n<p>Comiss\u00e3o Interna de Preven\u00e7\u00e3o a Acidentes<\/p>\t\t\t\t\t\t\t\t<\/div>\n\t\t\t\t\t<\/div>\n\t\t\t\t<\/div>\n\t\t\t\t<\/div>\n\t\t\t\t<\/div>\n\t\t","protected":false},"excerpt":{"rendered":"<p>Quem Somos O Complexo Professor Severino Lopes foi fundado, pelo professor e m\u00e9dico psiquiatra, Severino Lopes, em 02 de junho de 1956, com a denomina\u00e7\u00e3o original de Casa de Sa\u00fade de Natal, sendo pioneiro, no Rio Grande do Norte, no tratamento psiqui\u00e1trico especializado. \u00c9 uma institui\u00e7\u00e3o filantr\u00f3pica, sem fins lucrativos, mantida pela Sociedade Professor Heitor [&hellip;]<\/p>\n","protected":false},"author":1,"featured_media":0,"parent":0,"menu_order":0,"comment_status":"closed","ping_status":"closed","template":"elementor_header_footer","meta":{"_acf_changed":false,"footnotes":""},"class_list":["post-568","page","type-page","status-publish","hentry"],"acf":[],"_links":{"self":[{"href":"https:\/\/severinolopes.com.br\/2025\/wp-json\/wp\/v2\/pages\/568","targetHints":{"allow":["GET"]}}],"collection":[{"href":"https:\/\/severinolopes.com.br\/2025\/wp-json\/wp\/v2\/pages"}],"about":[{"href":"https:\/\/severinolopes.com.br\/2025\/wp-json\/wp\/v2\/types\/page"}],"author":[{"embeddable":true,"href":"https:\/\/severinolopes.com.br\/2025\/wp-json\/wp\/v2\/users\/1"}],"replies":[{"embeddable":true,"href":"https:\/\/severinolopes.com.br\/2025\/wp-json\/wp\/v2\/comments?post=568"}],"version-history":[{"count":28,"href":"https:\/\/severinolopes.com.br\/2025\/wp-json\/wp\/v2\/pages\/568\/revisions"}],"predecessor-version":[{"id":1781,"href":"https:\/\/severinolopes.com.br\/2025\/wp-json\/wp\/v2\/pages\/568\/revisions\/1781"}],"wp:attachment":[{"href":"https:\/\/severinolopes.com.br\/2025\/wp-json\/wp\/v2\/media?parent=568"}],"curies":[{"name":"wp","href":"https:\/\/api.w.org\/{rel}","templated":true}]}}